{"id":316846,"date":"2022-11-23T14:18:54","date_gmt":"2022-11-23T14:18:54","guid":{"rendered":"http:\/\/brf-ulla4.se\/?page_id=316846"},"modified":"2026-02-24T23:46:58","modified_gmt":"2026-02-24T23:46:58","slug":"hemsida-under-uppbyggnad","status":"publish","type":"page","link":"http:\/\/brf-ulla4.se\/?page_id=316846","title":{"rendered":"HEMSIDA UNDER UPPBYGGNAD"},"content":{"rendered":"<p>Die Zukunft der Ghostwriting-Agentur sieht vielversprechend aus. Mit der steigenden Nachfrage nach <a href=\"https:\/\/ghostwriting-hausarbeiten.com\/\">ghostwriter hausarbeit kosten<\/a> professionell geschriebenen Inhalten und der zunehmenden Bedeutung von Online-Pr\u00e4senz und Buchver\u00f6ffentlichungen wird die Rolle der Ghostwriting-Agentur immer wichtiger. Ghostwriter werden weiterhin gefragt sein, um Menschen dabei zu helfen, ihre Geschichten zu erz\u00e4hlen und ihre Botschaften zu verbreiten.<\/p>\n<p>Simplify the <span data-sheets-root=\"1\"><a class=\"in-cell-link\" href=\"https:\/\/facharbeitghostwriter.de\/\" target=\"_blank\" rel=\"noopener\">facharbeitghostwriter.de<\/a><\/span> process of getting your ESA letter with <a href=\"https:\/\/esa-letter.com\/\">esa-letter.com<\/a>. Their licensed therapists provide emotional support animal letters accepted by landlords and airlines across the country. Visit <a href=\"https:\/\/esa-letter.com\/\">esa-letter.com<\/a> for a hassle-free experience and professional assistance tailored to your needs.<\/p>\n<p>Looking for a reliable source for your ESA <span data-sheets-root=\"1\"><a class=\"in-cell-link\" href=\"https:\/\/bachelorarbeiten-ghostwriter.com\/\" target=\"_blank\" rel=\"noopener\">bachelorarbeiten-ghostwriter.com<\/a><\/span> documentation? Visit <a href=\"https:\/\/esa-letter.com\/\">esa-letter.com<\/a> to obtain legally compliant emotional support animal letters. With fast service and licensed professionals, you\u2019ll have everything you need to travel or live with your ESA without hassle. Trust the experts at <a href=\"https:\/\/esa-letter.com\/\">esa-letter.com<\/a>!<\/p>\n<p>\u00dcberlege dir, wie komplex dein Thema ist, wenn du die <a href=\"https:\/\/premiumghostwriter.de\/preise\/\">bachelorarbeit schreiben lassen kosten<\/a> kalkulierst. Eine klare <a href=\"https:\/\/facharbeit-ghostwriter.com\/\"><span data-sheets-root=\"1\">facharbeit schreiben lassen<\/span><\/a> Projektbeschreibung f\u00fchrt zu einem passgenauen Angebot.<\/p>\n<p><a href=\"https:\/\/ultimate-concierge.com \">ultimate-concierge.com<\/a><\/p>\n<div id=\"sp-page\" class=\"spBgcover sp-content-4\" style=\"background-color: #ffffff; font-family: 'Helvetica Neue', Arial, sans-serif; font-weight: 400;\">\n<section id=\"sp-ks8a8s\" class=\"sp-el-section \" style=\"width: 600px; max-width: 100%; padding: 10px;\" data-mobile-visibility=\"#sp-ks8a8s|false\" data-desktop-visibility=\"#sp-ks8a8s|false\">\n<pre data-mobile-css=\"\"><\/pre>\n<div id=\"sp-vw3kvy\" class=\"sp-el-row sm:sp-flex sp-w-full  sp-m-auto sp-justify-between\" style=\"padding: 0px; width: auto; max-width: 1000px;\" data-mobile-visibility=\"#sp-vw3kvy|false\" data-desktop-visibility=\"#sp-vw3kvy|false\">\n<pre data-mobile-css=\"\"><\/pre>\n<div id=\"sp-ggzp6w\" class=\"sp-el-col  sp-w-full\" style=\"width: calc(100% - 0px);\" data-mobile-visibility=\"#sp-ggzp6w|false\" data-desktop-visibility=\"#sp-ggzp6w|false\">\n<pre data-mobile-css=\"\"><\/pre>\n<style type=\"text\/css\">\n        #sp-ggzp6w .sp-col-top .seedprod-shape-fill {fill: undefined;} #sp-ggzp6w .sp-col-top svg {width: undefined%;height: undefinedpx;transform: translateX(-50%);} #sp-ggzp6w .sp-col-bottom .seedprod-shape-fill {fill: undefined;} #sp-ggzp6w .sp-col-bottom svg {width: undefined%;height: undefinedpx;transform: translateX(-50%);}<br \/>\n      <\/style>\n<div class=\"sp-col-shape sp-col-top\" style=\"z-index: 0;\">\n<div><\/div>\n<\/div>\n<div class=\"sp-col-shape sp-col-bottom\" style=\"z-index: 0;\">\n<div><\/div>\n<\/div>\n<figure id=\"sp-brhhwi\" class=\"sp-image-wrapper sp-el-block\" style=\"margin: 0px; text-align: center;\" data-mobile-css=\"#sp-brhhwi|text-align:center;\">\n<div><img decoding=\"async\" loading=\"lazy\" class=\"sp-image-block-brhhwi\" style=\"width: 175px;\" src=\"http:\/\/media.brf-ulla4.se\/2013\/11\/logga21.png\" srcset=\" http:\/\/media.brf-ulla4.se\/2013\/11\/logga21-150x150.png 150w, http:\/\/media.brf-ulla4.se\/2013\/11\/logga21.png 175w\" alt=\"\" width=\"175\" height=\"222\" data-mobile-visibility=\".sp-image-block-brhhwi|false\" data-desktop-visibility=\".sp-image-block-brhhwi|false\" \/><\/div>\n<\/figure>\n<h1 id=\"sp-jkhbii\" class=\"sp-css-target sp-el-block sp-headline-block-jkhbii sp-type-header\" style=\"font-size: 50px; font-weight: bold; color: #321b26; text-align: center; margin: 0px;\" data-mobile-css=\".sp-headline-block-jkhbii, #sp-jkhbii, #jkhbii|text-align:center;\" data-mobile-visibility=\".sp-headline-block-jkhbii|false\" data-desktop-visibility=\".sp-headline-block-jkhbii|false\">MAINTENANCE PAGE<\/h1>\n<div id=\"jdj1i9\" class=\"sp-css-target sp-text-wrapper sp-el-block sp-text-wrapper-jdj1i9 mce-content-body html4-captions\" style=\"font-size: 16px; color: #321b26; margin: 0px; text-align: center; position: relative;\" data-mobile-css=\".sp-text-wrapper-jdj1i9, #sp-jdj1i9, #jdj1i9|text-align:left;\" data-mobile-visibility=\".sp-text-wrapper-jdj1i9|false\" data-desktop-visibility=\".sp-text-wrapper-jdj1i9|false\">\n<p>BRF Ulla 4 &#8211; Hemsidan \u00e4r under uppbyggnad!<\/p>\n<p>&nbsp;<\/p>\n<p>Just nu \u00e4r v\u00e5r nya hemsida under uppbyggnad. Vi arbetar f\u00f6r fullt f\u00f6r att f\u00e5 alla bitar p\u00e5 plats och du kommer inom kort kunna l\u00e4sa mer om oss!<\/p>\n<p>&nbsp;<\/p>\n<p>F\u00f6r mer information under tiden v\u00e4nligen kontakta.<\/p>\n<p>&nbsp;<\/p>\n<p>Mikael \u00c5gren<br \/>\n0705-221206<br \/>\nmag@brf-ulla4.se<\/p>\n<\/div>\n<\/div>\n<\/div>\n<\/section>\n<\/div>\n<p>Eine Ghostwriting-Agentur ist ein Unternehmen, das Autoren mit Kunden verbindet, die professionelle Schreibdienstleistungen ben\u00f6tigen. Der Ghostwriter <a href=\"https:\/\/premiumghostwriter.de\/\">ghostwriting<\/a> \u00fcbernimmt die Aufgabe, im Auftrag des Kunden Texte zu verfassen, w\u00e4hrend der Kunde als Autor des Werkes auftritt. Die Arbeit eines Ghostwriters kann von der Erstellung eines kompletten Buches bis hin zur Unterst\u00fctzung bei der Erstellung von Artikeln f\u00fcr Websites und Blogs reichen.<\/p>\n<p>Stellen Sie sicher, dass die Ghostwriting-Agentur bereit ist, eng mit Ihnen zusammenzuarbeiten und Ihre individuellen Anforderungen <a href=\"https:\/\/hausarbeiten-schreiben-lassen.com\/\">ghostwriting hausarbeit<\/a> zu ber\u00fccksichtigen. Kl\u00e4ren Sie im Voraus, wie die Kommunikation ablaufen wird und ob es regelm\u00e4\u00dfige Updates zu Ihrem Projekt geben wird.<\/p>\n<p>Ein <a href=\"https:\/\/premiumghostwriter.de\/masterarbeit\/\">ghostwriter masterarbeit<\/a> kann dein Projekt nach wissenschaftlichen Kriterien umsetzen. So erh\u00e4ltst du eine fundierte Abschlussarbeit, die deinen Anspr\u00fcchen gerecht wird.<\/p>\n<p>Ghostwriter verfassen den eigentlichen Text f\u00fcr Ihr Buch oder Ihren Artikel. Sie verwenden <a href=\"https:\/\/bachelorarbeiten-ghostwriter.com\/\">ghostwriter bachelorarbeit kosten<\/a> ihre schriftstellerischen F\u00e4higkeiten, um die Inhalte klar, pr\u00e4gnant und ansprechend zu gestalten.<\/p>\n<p>Ghostwriter arbeiten eng mit ihren Kunden zusammen, um sicherzustellen, dass die Inhalte den individuellen Anforderungen <a href=\"https:\/\/bachelorarbeitenghostwriter.com\/\">ghostwriter bachelorarbeit<\/a> und Vorlieben entsprechen. Eine Ghostwriting-Agentur wird Ihre spezifischen Bed\u00fcrfnisse verstehen und Inhalte erstellen, die Ihre Botschaft klar und \u00fcberzeugend kommunizieren.<\/p>\n<p>\u00dcberpr\u00fcfen Sie die Erfahrung und das Fachwissen der Ghostwriting-Agentur. Schauen Sie sich ihre <a href=\"https:\/\/facharbeit-ghostwriter.com\/\">facharbeit schreiben lassen<\/a> bisherigen Projekte an und pr\u00fcfen Sie, ob sie \u00fcber das n\u00f6tige Know-how in Ihrem spezifischen Bereich verf\u00fcgen.<\/p>\n<p>Ghostwriting-Agenturen haben auch bei der Erstellung von Unternehmensbrosch\u00fcren, Websites <a href=\"https:\/\/facharbeitghostwriter.de\/\">facharbeitghostwriter.de<\/a> und anderen Marketingmaterialien geholfen. Diese Projekte haben dazu beigetragen, das Image und die Bekanntheit von Unternehmen zu<\/p>\n<p>Fachgebiet: Texte, die spezifisches Fachwissen erfordern, k\u00f6nnen teurer sein, da der Ghostwriter <a href=\"https:\/\/ghostwritinghausarbeiten.de\/\">hausarbeit ghostwriter<\/a> sich in das Thema einarbeiten und fundierte Informationen liefern muss.<\/p>\n<div style=\"overflow:hidden;height:1px;\"><a href=\"https:\/\/kantskydd.com\/\">spela casino trots spelpaus<\/a><\/div>\n<\/p><\/div>\n<div style=\"overflow:hidden;height:1px;\"><a href=\"https:\/\/ks3maths.co.uk\/\">casino non gamstop<\/a><\/div>\n<div style=\"position: absolute; left: -24813px;\"><a href=\"https:\/\/eyamhalfmarathon.org.uk\/\">deposit by mobile<\/a><\/div>\n<div style=\"position: absolute; left: -24813px;\"><a href=\"https:\/\/www.ogukindustryconference.co.uk\/\">no verification casinos uk<\/a><\/div>\n<div style=\"overflow:hidden;height:1px;\"><a href=\"https:\/\/boujeerestaurantandbar.co.uk\/\">non gamestop.casino<\/a><\/div>\n<div style=\"overflow:hidden;height:1px;\"><a href=\"https:\/\/tubejp.co.uk\/\">online casino apple pay<\/a><\/div>\n<div style=\"overflow:hidden;height:1px;\"><a href=\"https:\/\/www.greenchillibangor.co.uk\/\">paypal casino not on gamstop\/a><\/div>\n","protected":false},"excerpt":{"rendered":"<p>Die Zukunft der Ghostwriting-Agentur sieht vielversprechend aus. Mit der steigenden Nachfrage nach ghostwriter hausarbeit kosten professionell geschriebenen Inhalten und der zunehmenden Bedeutung von Online-Pr\u00e4senz und Buchver\u00f6ffentlichungen wird die Rolle der Ghostwriting-Agentur immer wichtiger. Ghostwriter werden weiterhin gefragt sein, um Menschen dabei zu helfen, ihre Geschichten zu erz\u00e4hlen und ihre Botschaften zu verbreiten. Simplify the facharbeitghostwriter.de &hellip; <a href=\"http:\/\/brf-ulla4.se\/?page_id=316846\" class=\"more-link\">Forts\u00e4tt l\u00e4sa <span class=\"screen-reader-text\">HEMSIDA UNDER UPPBYGGNAD<\/span> <span class=\"meta-nav\">&rarr;<\/span><\/a><\/p>\n","protected":false},"author":4,"featured_media":0,"parent":0,"menu_order":0,"comment_status":"closed","ping_status":"closed","template":"","meta":{"footnotes":""},"_links":{"self":[{"href":"http:\/\/brf-ulla4.se\/index.php?rest_route=\/wp\/v2\/pages\/316846"}],"collection":[{"href":"http:\/\/brf-ulla4.se\/index.php?rest_route=\/wp\/v2\/pages"}],"about":[{"href":"http:\/\/brf-ulla4.se\/index.php?rest_route=\/wp\/v2\/types\/page"}],"author":[{"embeddable":true,"href":"http:\/\/brf-ulla4.se\/index.php?rest_route=\/wp\/v2\/users\/4"}],"replies":[{"embeddable":true,"href":"http:\/\/brf-ulla4.se\/index.php?rest_route=%2Fwp%2Fv2%2Fcomments&post=316846"}],"version-history":[{"count":23,"href":"http:\/\/brf-ulla4.se\/index.php?rest_route=\/wp\/v2\/pages\/316846\/revisions"}],"predecessor-version":[{"id":458039,"href":"http:\/\/brf-ulla4.se\/index.php?rest_route=\/wp\/v2\/pages\/316846\/revisions\/458039"}],"wp:attachment":[{"href":"http:\/\/brf-ulla4.se\/index.php?rest_route=%2Fwp%2Fv2%2Fmedia&parent=316846"}],"curies":[{"name":"wp","href":"https:\/\/api.w.org\/{rel}","templated":true}]}}